e the prime factors of 1259?
1259
List the prime factors of 1400.
2, 5, 7
What are the prime factors of 483?
3, 7, 23
List the prime factors of 18205.
5, 11, 331
What are the prime factors of 426?
2, 3, 71
What are the prime factors of 696?
2, 3, 29
What are the prime factors of 1364?
2, 11, 31
List the prime factors of 8298.
2, 3, 461
List the prime factors of 179.
179
What are the prime factors of 27544?
2, 11, 313
List the prime factors of 14113.
11, 1283
List the prime factors of 1149.
3, 383
What are the prime factors of 73?
73
List the prime factors of 8594.
2, 4297
List the prime factors of 92643.
3, 30881
What are the prime factors of 2016?
2, 3, 7
What are the prime factors of 1147?
31, 37
List the prime factors of 273.
3, 7, 13
What are the prime factors of 1191?
3, 397
What are the prime factors of 541?
541
List the prime factors of 879.
3, 293
List the prime factors of 2249.
13, 173
What are the prime factors of 634?
2, 317
List the prime factors of 3882.
2, 3, 647
What are the prime factors of 488?
2, 61
What are the prime factors of 418?
2, 11, 19
List the prime factors of 713.
23, 31
List the prime factors of 1576.
2, 197
List the prime factors of 18102.
2, 3, 7, 431
List the prime factors of 4716.
2, 3, 131
What are the prime factors of 34209?
3, 7, 181
List the prime factors of 9067.
9067
What are the prime factors of 8828?
2, 2207
List the prime factors of 97743.
3, 31, 1051
What are the prime factors of 6098?
2, 3049
What are the prime factors of 914?
2, 457
What are the prime factors of 16381?
16381
What are the prime factors of 1223?
1223
List the prime factors of 6793.
6793
List the prime factors of 40580.
2, 5, 2029
What are the prime factors of 2272?
2, 71
List the prime factors of 525.
3, 5, 7
What are the prime factors of 38991?
3, 41, 317
List the prime factors of 103072.
2, 3221
List the prime factors of 3920.
2, 5, 7
What are the prime factors of 71685?
3, 5, 59
What are the prime factors of 77144?
2, 9643
List the prime factors of 799.
17, 47
List the prime factors of 24127.
23, 1049
What are the prime factors of 20070?
2, 3, 5, 223
What are the prime factors of 128796?
2, 3, 10733
What are the prime factors of 3528?
2, 3, 7
List the prime factors of 1120.
2, 5, 7
List the prime factors of 9000.
2, 3, 5
What are the prime factors of 1872?
2, 3, 13
What are the prime factors of 48470?
2, 5, 37, 131
What are the prime factors of 4448?
2, 139
List the prime factors of 20044.
2, 5011
List the prime factors of 85037.
85037
List the prime factors of 20768.
2, 11, 59
List the prime factors of 38865.
3, 5, 2591
List the prime factors of 35628.
2, 3, 2969
List the prime factors of 865.
5, 173
List the prime factors of 4658.
2, 17, 137
List the prime factors of 7767.
3, 863
List the prime factors of 10532.
2, 2633
What are the prime factors of 6583?
29, 227
List the prime factors of 9351.
3, 1039
List the prime factors of 47047.
7, 11, 13, 47
List the prime factors of 35786.
2, 29, 617
What are the prime factors of 32?
2
List the prime factors of 22394.
2, 11197
List the prime factors of 1569.
3, 523
List the prime factors of 1981.
7, 283
What are the prime factors of 2164?
2, 541
List the prime factors of 392.
2, 7
List the prime factors of 9507.
3, 3169
List the prime factors of 1752.
2, 3, 73
List the prime factors of 643.
643
What are the prime factors of 77793?
3, 25931
What are the prime factors of 5639?
5639
What are the prime factors of 1662?
2, 3, 277
What are the prime factors of 95?
5, 19
List the prime factors of 3753.
3, 139
List the prime factors of 1691.
19, 89
List the prime factors of 1008.
2, 3, 7
What are the prime factors of 2608?
2, 163
List the prime factors of 2051.
7, 293
List the prime factors of 671.
11, 61
What are the prime factors of 15241?
15241
What are the prime factors of 7578?
2, 3, 421
List the prime factors of 19599.
3, 47, 139
List the prime factors of 5524.
2, 1381
What are the prime factors of 31910?
2, 5, 3191
What are the prime factors of 2012?
2, 503
List the prime factors of 82731.
3, 11, 23, 109
What are the prime factors of 3537?
3, 131
What are the prime factors of 2056?
2, 257
What are the prime factors of 7044?
2, 3, 587
What are the prime factors of 1631?
7, 233
What are the prime factors of 73653?
3, 24551
List the prime factors of 1072.
2, 67
List the prime factors of 24408.
2, 3, 113
What are the prime factors of 2212?
2, 7, 79
List the prime factors of 12928.
2, 101
List the prime factors of 1935.
3, 5, 43
What are the prime factors of 7221?
3, 29, 83
What are the prime factors of 79904?
2, 11, 227
What are the prime factors of 9671?
19, 509
List the prime factors of 66506.
2, 11, 3023
What are the prime factors of 38477?
109, 353
List the prime factors of 1253.
7, 179
List the prime factors of 86916.
2, 3, 7243
What are the prime factors of 2612?
2, 653
What are the prime factors of 2019?
3, 673
What are the prime factors of 7707?
3, 7, 367
List the prime factors of 558.
2, 3, 31
What are the prime factors of 84208?
2, 19, 277
What are the prime factors of 13546?
2, 13, 521
List the prime factors of 1563.
3, 521
What are the prime factors of 1035?
3, 5, 23
List the prime factors of 94631.
173, 547
List the prime factors of 2444.
2, 13, 47
What are the prime factors of 1942?
2, 971
List the prime factors of 4339.
4339
What are the prime factors of 147112?
2, 7, 37, 71
List the prime factors of 29670.
2, 3, 5, 23, 43
What are the prime factors of 214?
2, 107
List the prime factors of 1148.
2, 7, 41
What are the prime factors of 873?
3, 97
What are the prime factors of 3?
3
What are the prime factors of 79?
79
List the prime factors of 1535.
5, 307
List the prime factors of 18350.
2, 5, 367
What are the prime factors of 8146?
2, 4073
List the prime factors of 1053.
3, 13
What are the prime factors of 518?
2, 7, 37
What are the prime factors of 461?
461
List the prime factors of 8549.
83, 103
List the prime factors of 969.
3, 17, 19
What are the prime factors of 15229?
97, 157
List the prime factors of 4736.
2, 37
List the prime factors of 14767.
14767
List the prime factors of 9844.
2, 23, 107
What are the prime factors of 454?
2, 227
What are the prime factors of 2583?
3, 7, 41
List the prime factors of 17906.
2, 7, 1279
What are the prime factors of 2691?
3, 13, 23
What are the prime factors of 3589?
37, 97
What are the prime factors of 8843?
37, 239
What are the prime factors of 9205?
5, 7, 263
List the prime factors of 2576.
2, 7, 23
What are the prime factors of 416?
2, 13
What are the prime factors of 16868?
2, 4217
List the prime factors of 1012.
2, 11, 23
What are the prime factors of 986?
2, 17, 29
What are the prime factors of 900?
2, 3, 5
What are the prime factors of 149668?
2, 17, 31, 71
List the prime factors of 8389.
8389
List the prime factors of 23765.
5, 7, 97
What are the prime factors of 39470?
2, 5, 3947
What are the prime factors of 1255?
5, 251
List the prime factors of 137.
137
What are the prime factors of 9507?
3, 3169
List the prime factors of 12558.
2, 3, 7, 13, 23
List the prime factors of 2673.
3, 11
List the prime factors of 31474.
2, 15737
What are the prime factors of 23964?
2, 3, 1997
List the prime factors of 2671.
2671
List the prime factors of 303.
3, 101
List the prime factors of 290.
2, 5, 29
What are the prime factors of 772?
2, 193
List the prime factors of 4666.
2, 2333
What are the prime factors of 13071?
3, 4357
What are the prime factors of 229?
229
List the prime factors of 5879.
5879
What are the prime factors of 38039?
38039
What are the prime factors of 7522?
2, 3761
What are the prime factors of 10324?
2, 29, 89
List the prime factors of 17081.
19, 29, 31
List the prime factors of 956.
2, 239
What are the prime factors of 7500?
2, 3, 5
What are the prime factors of 643?
643
List the prime factors of 6315.
3, 5, 421
List the prime factors of 39600.
2, 3, 5, 11
List the prime factors of 22791.
3, 71, 107
List the prime factors of 107585.
5, 21517
What are the prime factors of 94296?
2, 3, 3929
What are the prime factors of 10248?
2, 3, 7, 61
What are the prime factors of 3812?
2, 953
What are the prime factors of 4513?
4513
What are the prime factors of 349?
349
What are the prime factors of 1271?
31, 41
What are the prim